) to base 16
-db6d
Convert -44b7a1 (base 12) to base 6.
-35313121
100101111111101010 (base 2) to base 3
21220110221
Convert 20711313 (base 9) to base 10.
9986826
Convert -14314222 (base 5) to base 10.
-151187
What is 306260 (base 9) in base 12?
89209
-8d0991 (base 16) to base 8
-43204621
Convert -42430 (base 5) to base 4.
-230301
Convert -1958b3 (base 12) to base 10.
-445383
Convert 1431122211 (base 5) to base 15.
4e71db
-3420435 (base 8) to base 16
-e211d
Convert 22431223 (base 5) to base 14.
538d1
What is 111100001101000011101 (base 2) in base 10?
1972765
Convert 10100100000101010111001 (base 2) to base 4.
110200222321
What is -2510014 (base 7) in base 10?
-321745
Convert -6cb66 (base 13) to base 11.
-127021
What is -856a56 (base 11) in base 6?
-45214342
731cc (base 13) to base 6
4233355
Convert 313685 (base 9) to base 8.
554132
Convert -580931 (base 10) to base 14.
-1119d1
-7045b (base 12) to base 9
-241888
Convert 2744757 (base 8) to base 16.
bc9ef
Convert 1021203043 (base 6) to base 14.
15c781d
What is -10210201210 (base 4) in base 6?
-41403044
-1a7984 (base 11) to base 4
-1031220013
Convert -10ba847 (base 12) to base 11.
-1908748
What is -256a5 (base 16) in base 8?
-453245
-333130131 (base 4) to base 2
-111111011100011101
Convert 302365 (base 8) to base 14.
28405
412510 (base 6) to base 3
1200021220
-20120202100102 (base 3) to base 14
-67108d
Convert 33bb60 (base 12) to base 4.
3022132320
Convert 142bac5 (base 13) to base 8.
30312361
What is 654301 (base 7) in base 4?
123322333
What is 41246 (base 10) in base 3?
2002120122
Convert 134a597 (base 11) to base 7.
25532062
-50154340 (base 6) to base 8
-5313424
Convert -a78a24 (base 12) to base 9.
-4876371
3b908 (base 12) to base 10
82520
Convert 54355243 (base 6) to base 11.
a05105
-372668 (base 11) to base 7
-5002333
1f9b30 (base 16) to base 11
1195260
What is -410188 (base 15) in base 2?
-1011110010000001011110
What is 61b687 (base 12) in base 5?
343034303
-1117015 (base 9) to base 3
-1010121000112
What is 10011111100110100000 (base 2) in base 15?
cda6d
Convert -12200112220 (base 3) to base 13.
-3bc49
What is -1000010011110001011011 (base 2) in base 10?
-2178139
6361320 (base 7) to base 10
771225
2144335 (base 10) to base 15
2c555a
What is 1725d4c (base 14) in base 4?
223130021100
Convert -50260011 (base 7) to base 10.
-4165743
Convert 75a145 (base 13) to base 2.
1010100010110100010100
What is -226786 (base 12) in base 7?
-4452201
What is -1102532 (base 7) in base 12?
-66442
Convert -52513202 (base 6) to base 11.
-958486
Convert -270e3e (base 16) to base 15.
-3585ba
-32442144 (base 6) to base 5
-222014104
What is -164464 (base 10) in base 7?
-1253326
What is 15163 (base 11) in base 16?
53ee
What is 443070 (base 11) in base 4?
2230210112
54454 (base 13) to base 10
152338
Convert 103000333310 (base 4) to base 10.
4984820
Convert -111102100002 (base 3) to base 9.
-442302
Convert -3176c4 (base 14) to base 15.
-230814
464016 (base 9) to base 10
278493
Convert -343424224 (base 5) to base 3.
-2220112010010
Convert 10122513 (base 7) to base 11.
528756
121202013 (base 4) to base 11
71636
Convert -12011010212001 (base 3) to base 2.
-1010011100101000111010
Convert 3452135 (base 11) to base 5.
3021104123
Convert 117114 (base 9) to base 2.
10001010010010111
Convert 13302203333 (base 4) to base 3.
10211202020202
What is -543531 (base 7) in base 13?
-34299
Convert 262789 (base 13) to base 7.
10550113
-15a5518 (base 14) to base 4
-220200023002
Convert 12503011 (base 6) to base 3.
202222020021
What is -222111321 (base 6) in base 9?
-7508814
-135b90 (base 12) to base 9
-538750
Convert -1000202102122 (base 3) to base 5.
-114440320
Convert -833119 (base 11) to base 5.
-320231330
Convert -11978b (base 13) to base 5.
-101432200
What is -110010000000011 (base 2) in base 16?
-6403
Convert 2816a77 (base 12) to base 11.
4570a58
Convert -5062102 (base 8) to base 2.
-101000110010001000010
1868 (base 9) to base 16
59f
What is -200211012110020 (base 3) in base 6?
-554221523
Convert -16412564 (base 7) to base 4.
-12012220223
What is 2200011212122 (base 3) in base 14?
28da8a
1000111010000000000 (base 2) to base 9
484286
1006a2 (base 12) to base 5
30443233
5014453 (base 6) to base 5
30014432
Convert -16039c4 (base 13) to base 9.
-14254348
Convert 1a3ea (base 16) to base 3.
12110110102
Convert -1491233 (base 12) to base 10.
-4169991
What is -202223313 (base 4) in base 5?
-14021241
What is 300605325 (base 7) in base 8?
102272606
What is 39766 (base 14) in base 10?
141406
Convert -637273 (base 8) to base 13.
-75a50
What is -2145340 (base 13) in base 3?
-201002201010211
What is -3040216 (base 8) in base 9?
-1453405
What is -457099 (base 10) in base 4?
-1233212023
482093 (base 13) to base 12
6aa392
b3696 (base 14) to base 15
8807b
What is -3b654 (base 14) in base 12?
-70a76
-121132321 (base 4) to base 11
-71469
What is 1658820 (base 9) in base 2?
11100001110101101110
Convert -100100110101010000001 (base 2) to base 15.
-18c90d
What is -633133 (base 7) in base 3?
-12112201111
-20d36 (base 15) to base 6
-2122310
What is a1260 (base 13) in base 15?
5a5ed
2b48a1 (base 14) to base 2
101110000110111111101
What is -3a92b15 (base 12) in base 2?
-101100011001010011000001
What is 3655050 (base 7) in base 13?
134a6c
What is -132440430 (base 5) in base 9?
-1232841
Convert 23c4d4 (base 16) to base 13.
640c91
What is -6750510 (base 9) in base 13?
-9a3815
1a3ca6 (base 13) to base 2
10100010100000111010
What is -3653607 (base 9) in base 2?
-111100100011001100110
-100111101110101110 (base 2) to base 16
-27bae
a57aba (base 16) to base 10
10844858
What is 791ca (base 13) in base 15?
452e0
Convert -1421310 (base 5) to base 14.
-aacc
What is 1478071 (base 14) in base 13?
20b1a92
4010316 (base 7) to base 13
137499
537d67 (base 14) to base 5
1210414330
-5160677 (base 8) to base 4
-11032012333
Convert 1267341 (base 8) to base 3.
200002102121
What is 152461 (base 7) in base 5?
1422422
What is 1201112010 (base 3) in base 12?
17763
-3204130 (base 5) to base 8
-150641
Convert 2121221011120 (base 3) to base 13.
39b63a
Convert 604665 (base 7) to base 5.
11240210
What is -348092 (base 10) in base 11?
-218588
Convert -3601 (base 14) to base 16.
-24c1
What is -221200110203 (base 4) in base 9?
-22422852
Convert -497402 (base 10) to base 6.
-14354442
What is d21d5 (base 14) in base 7?
4203055
Convert -1320303221 (base 4) to base 6.
-14334505
Convert -1011210000022 (base 3) to base 12.
-261b82
425303 (base 7) to base 6
1330035
Convert 2659883 (base 10) to base 4.
22021120223
Convert 1002000202121 (base 3) to base 11.
360301
What is 333045345 (base 6) in base 13?
132c506
Convert 29417 (base 14) to base 8.
307675
Convert 20b432 (base 14) to base 3.
2002020001102
Convert -326403 (base 7) to base 13.
-20217
What is -1010111001110101110011 (base 2) in base 10?
-2858355
What is 64a53 (base 11) in base 3?
11210112201
Convert 3178ab (base 13) to base 5.
244044222
-1010111101010001 (base 2) to base 15
-d471
What is 101211002200 (base 3) in base 14?
57860
Convert -a83e6 (base 16) to base 8.
-2501746
What is 11200220103 (base 4) in base 6?
50542523
Convert 26560c (base 14) to base 11.
822587
Convert 11928955 (base 10) to base 3.
211110001110011
Convert 13401233 (base 5) to base 2.
100001100111011101
-101000001010001000 (base 2) to base 16
-28288
Convert 4171b4 (base 13) to base 2.
101110101011001010100
1320322313 (base 5) to base 7
36661163
-1000101100000100 (base 2) to base 12
-18718
What is 364878 (base 10) in base 15?
731a3
8933b (base 15) to base 14
b4d06
1175147 (base 8) to base 11
203129
Convert 4301317 (base 9) to base 3.
11100001100121
64b8b (base 12) to base 15
2962e
What is 1020635 (base 7) in base 5?
12412041
Convert -239983 (base 12) to base 5.
-121424234
38746 (base 11) to base 10
55468
Convert -1b0b5a4 (base 15) to base 6.
-1544000014
Convert 4c885 (base 15) to base 11.
15801a
Convert 6d118 (base 15) to base 5.
42112443
Convert -271226 (base 11) to base 5.
-102114230
-101010111110001000 (base 2) to base 13
-62161
110100110110111101 (base 2) to base 6
4350205
What is 111000110110000001 (base 2) in base 10?
232833
Convert 287b902 (base 12) to base 2.
11111000000011001010010
-1021223134 (base 6) to base 16
-a350e2
Convert -48bef (base 16) to base 12.
-124527
